[INFO] fetching crate aci_ppm 0.7.0...
[INFO] checking aci_ppm-0.7.0 against master#af3c6e733a40e671550e0f0f5aeecaa13772ba56 for pr-74989
[INFO] extracting crate aci_ppm 0.7.0 into /workspace/builds/worker-12/source
[INFO] validating manifest of crates.io crate aci_ppm 0.7.0 on toolchain af3c6e733a40e671550e0f0f5aeecaa13772ba56
[INFO] running `Command { std: "/workspace/cargo-home/bin/cargo" "+af3c6e733a40e671550e0f0f5aeecaa13772ba56" "read-manifest" "--manifest-path" "Cargo.toml", kill_on_drop: false }`
[INFO] started tweaking crates.io crate aci_ppm 0.7.0
[INFO] finished tweaking crates.io crate aci_ppm 0.7.0
[INFO] tweaked toml for crates.io crate aci_ppm 0.7.0 written to /workspace/builds/worker-12/source/Cargo.toml
[INFO] running `Command { std: "/workspace/cargo-home/bin/cargo" "+af3c6e733a40e671550e0f0f5aeecaa13772ba56" "generate-lockfile" "--manifest-path" "Cargo.toml" "-Zno-index-update", kill_on_drop: false }`
[INFO] running `Command { std: "/workspace/cargo-home/bin/cargo" "+af3c6e733a40e671550e0f0f5aeecaa13772ba56" "fetch" "--locked" "--manifest-path" "Cargo.toml", kill_on_drop: false }`
[INFO] running `Command { std: "docker" "create" "-v" "/var/lib/crater-agent-workspace/builds/worker-12/target:/opt/rustwide/target:rw,Z" "-v" "/var/lib/crater-agent-workspace/builds/worker-12/source:/opt/rustwide/workdir:ro,Z" "-v" "/var/lib/crater-agent-workspace/cargo-home:/opt/rustwide/cargo-home:ro,Z" "-v" "/var/lib/crater-agent-workspace/rustup-home:/opt/rustwide/rustup-home:ro,Z" "-e" "SOURCE_DIR=/opt/rustwide/workdir" "-e" "CARGO_TARGET_DIR=/opt/rustwide/target" "-e" "CARGO_HOME=/opt/rustwide/cargo-home" "-e" "RUSTUP_HOME=/opt/rustwide/rustup-home" "-w" "/opt/rustwide/workdir" "-m" "1610612736" "--user" "0:0" "--network" "none" "rustops/crates-build-env@sha256:d92eaeed33fa75130ca1ee6c8a01d1ffb62bac859dfdfb3450e3e5d1c0146529" "/opt/rustwide/cargo-home/bin/cargo" "+af3c6e733a40e671550e0f0f5aeecaa13772ba56" "metadata" "--no-deps" "--format-version=1", kill_on_drop: false }`
[INFO] [stdout] d1a5491383851a8ff0999338fbd7e07459eabc601f3cefd07a12f3449677fcb4
[INFO] [stderr] WARNING: Your kernel does not support swap limit capabilities or the cgroup is not mounted. Memory limited without swap.
[INFO] running `Command { std: "docker" "start" "-a" "d1a5491383851a8ff0999338fbd7e07459eabc601f3cefd07a12f3449677fcb4", kill_on_drop: false }`
[INFO] running `Command { std: "docker" "inspect" "d1a5491383851a8ff0999338fbd7e07459eabc601f3cefd07a12f3449677fcb4", kill_on_drop: false }`
[INFO] running `Command { std: "docker" "rm" "-f" "d1a5491383851a8ff0999338fbd7e07459eabc601f3cefd07a12f3449677fcb4", kill_on_drop: false }`
[INFO] [stdout] d1a5491383851a8ff0999338fbd7e07459eabc601f3cefd07a12f3449677fcb4
[INFO] running `Command { std: "docker" "create" "-v" "/var/lib/crater-agent-workspace/builds/worker-12/target:/opt/rustwide/target:rw,Z" "-v" "/var/lib/crater-agent-workspace/builds/worker-12/source:/opt/rustwide/workdir:ro,Z" "-v" "/var/lib/crater-agent-workspace/cargo-home:/opt/rustwide/cargo-home:ro,Z" "-v" "/var/lib/crater-agent-workspace/rustup-home:/opt/rustwide/rustup-home:ro,Z" "-e" "SOURCE_DIR=/opt/rustwide/workdir" "-e" "CARGO_TARGET_DIR=/opt/rustwide/target" "-e" "CARGO_INCREMENTAL=0" "-e" "RUST_BACKTRACE=full" "-e" "RUSTFLAGS=--cap-lints=forbid" "-e" "CARGO_HOME=/opt/rustwide/cargo-home" "-e" "RUSTUP_HOME=/opt/rustwide/rustup-home" "-w" "/opt/rustwide/workdir" "-m" "1610612736" "--user" "0:0" "--network" "none" "rustops/crates-build-env@sha256:d92eaeed33fa75130ca1ee6c8a01d1ffb62bac859dfdfb3450e3e5d1c0146529" "/opt/rustwide/cargo-home/bin/cargo" "+af3c6e733a40e671550e0f0f5aeecaa13772ba56" "check" "--frozen" "--all" "--all-targets" "--message-format=json", kill_on_drop: false }`
[INFO] [stdout] f75fb732500c2d794dad61330ec4485a6bf287ea52142f694d533123be7f565b
[INFO] [stderr] WARNING: Your kernel does not support swap limit capabilities or the cgroup is not mounted. Memory limited without swap.
[INFO] running `Command { std: "docker" "start" "-a" "f75fb732500c2d794dad61330ec4485a6bf287ea52142f694d533123be7f565b", kill_on_drop: false }`
[INFO] [stderr]    Compiling byteorder v1.3.4
[INFO] [stderr]     Checking adler32 v1.2.0
[INFO] [stderr]     Checking afi v0.7.0
[INFO] [stderr]     Checking inflate v0.4.5
[INFO] [stderr]     Checking deflate v0.7.20
[INFO] [stderr]     Checking aci_ppm v0.7.0 (/opt/rustwide/workdir)
[INFO] [stderr]     Checking aci_png v0.7.0
[INFO] [stdout] error[E0425]: cannot find function `encode_mmd` in crate `aci_ppm`
[INFO] [stdout]   --> examples/png2mmd.rs:29:26
[INFO] [stdout]    |
[INFO] [stdout] 29 |         output.extend(aci_ppm::encode_mmd(graphic, false));
[INFO] [stdout]    |                                ^^^^^^^^^^ not found in `aci_ppm`
[INFO] [stdout] 
[INFO] [stdout] 
[INFO] [stdout] error[E0061]: this function takes 2 arguments but 1 argument was supplied
[INFO] [stdout]   --> examples/png2mmd.rs:28:17
[INFO] [stdout]    |
[INFO] [stdout] 28 |         let graphic = aci_png::decode(&input).unwrap();
[INFO] [stdout]    |                       ^^^^^^^^^^^^^^^ ------ supplied 1 argument
[INFO] [stdout]    |                       |
[INFO] [stdout]    |                       expected 2 arguments
[INFO] [stdout] 
[INFO] [stdout] 
[INFO] [stdout] error: aborting due to 2 previous errors
[INFO] [stdout] 
[INFO] [stdout] 
[INFO] [stdout] Some errors have detailed explanations: E0061, E0425.
[INFO] [stdout] 
[INFO] [stdout] For more information about an error, try `rustc --explain E0061`.
[INFO] [stdout] 
[INFO] [stderr] error: could not compile `aci_ppm`.
[INFO] [stderr] 
[INFO] [stderr] To learn more, run the command again with --verbose.
[INFO] [stderr] warning: build failed, waiting for other jobs to finish...
[INFO] [stdout] error[E0425]: cannot find function `encode` in crate `aci_ppm`
[INFO] [stdout]    --> examples/converter.rs:10:21
[INFO] [stdout]     |
[INFO] [stdout] 10  |     let ppm = aci_ppm::encode(graphic.clone());
[INFO] [stdout]     |                        ^^^^^^ help: a function with a similar name exists: `decode`
[INFO] [stdout]     | 
[INFO] [stdout]    ::: /opt/rustwide/workdir/src/lib.rs:206:1
[INFO] [stdout]     |
[INFO] [stdout] 206 | pub fn decode(file: &[u8], channels: ColorChannels) -> Option<Video> {
[INFO] [stdout]     | -------------------------------------------------------------------- similarly named function `decode` defined here
[INFO] [stdout] 
[INFO] [stdout] 
[INFO] [stdout] error[E0425]: cannot find function `encode_mmd` in crate `aci_ppm`
[INFO] [stdout]   --> examples/converter.rs:11:21
[INFO] [stdout]    |
[INFO] [stdout] 11 |     let mmd = aci_ppm::encode_mmd(graphic, false);
[INFO] [stdout]    |                        ^^^^^^^^^^ not found in `aci_ppm`
[INFO] [stdout] 
[INFO] [stdout] 
[INFO] [stdout] error[E0425]: cannot find function `decode_mmd` in crate `aci_ppm`
[INFO] [stdout]   --> examples/converter.rs:21:24
[INFO] [stdout]    |
[INFO] [stdout] 21 |     let verify = aci_ppm::decode_mmd(&mmd).unwrap();
[INFO] [stdout]    |                           ^^^^^^^^^^ not found in `aci_ppm`
[INFO] [stdout] 
[INFO] [stdout] 
[INFO] [stdout] error[E0425]: cannot find function `encode` in crate `aci_png`
[INFO] [stdout]    --> examples/converter.rs:22:24
[INFO] [stdout]     |
[INFO] [stdout] 22  |     let verify = aci_png::encode(verify, false);
[INFO] [stdout]     |                           ^^^^^^ help: a function with a similar name exists: `decode`
[INFO] [stdout]     | 
[INFO] [stdout]    ::: /opt/rustwide/cargo-home/registry/src/github.com-1ecc6299db9ec823/aci_png-0.7.0/src/lib.rs:129:1
[INFO] [stdout]     |
[INFO] [stdout] 129 | pub fn decode(file: &[u8], channels: ColorChannels) -> Option<Video> {
[INFO] [stdout]     | -------------------------------------------------------------------- similarly named function `decode` defined here
[INFO] [stdout] 
[INFO] [stdout] 
[INFO] [stdout] error[E0061]: this function takes 2 arguments but 1 argument was supplied
[INFO] [stdout]  --> examples/converter.rs:9:16
[INFO] [stdout]   |
[INFO] [stdout] 9 |     let graphic = aci_png::decode(logo_bar).unwrap();
[INFO] [stdout]   |                   ^^^^^^^^^^^^^^^ -------- supplied 1 argument
[INFO] [stdout]   |                   |
[INFO] [stdout]   |                   expected 2 arguments
[INFO] [stdout] 
[INFO] [stdout] 
[INFO] [stdout] error[E0599]: no method named `clone` found for struct `afi::video::Video` in the current scope
[INFO] [stdout]    --> examples/converter.rs:10:36
[INFO] [stdout]     |
[INFO] [stdout] 10  |     let ppm = aci_ppm::encode(graphic.clone());
[INFO] [stdout]     |                                       ^^^^^ method not found in `afi::video::Video`
[INFO] [stdout] 
[INFO] [stdout] 
[INFO] [stdout] error: aborting due to 6 previous errors
[INFO] [stdout] 
[INFO] [stdout] 
[INFO] [stdout] Some errors have detailed explanations: E0061, E0425, E0599.
[INFO] [stdout] 
[INFO] [stdout] For more information about an error, try `rustc --explain E0061`.
[INFO] [stdout] 
[INFO] [stderr] error: build failed
[INFO] running `Command { std: "docker" "inspect" "f75fb732500c2d794dad61330ec4485a6bf287ea52142f694d533123be7f565b", kill_on_drop: false }`
[INFO] running `Command { std: "docker" "rm" "-f" "f75fb732500c2d794dad61330ec4485a6bf287ea52142f694d533123be7f565b", kill_on_drop: false }`
[INFO] [stdout] f75fb732500c2d794dad61330ec4485a6bf287ea52142f694d533123be7f565b
